{"id":242835,"date":"2026-03-22T22:54:34","date_gmt":"2026-03-22T21:54:34","guid":{"rendered":"https:\/\/latelier-floral.fr\/?post_type=product&#038;p=242835"},"modified":"2026-03-22T23:08:03","modified_gmt":"2026-03-22T22:08:03","slug":"anneau-lucile-s-30cm","status":"publish","type":"product","link":"https:\/\/latelier-floral.fr\/index.php\/produit\/anneau-lucile-s-30cm\/","title":{"rendered":"Anneau Lucile S &#8211; 30cm"},"content":{"rendered":"<h2>Un anneaux de fleurs stabilis\u00e9es<\/h2>\n<span class=\"et_bloom_bottom_trigger\"><\/span>","protected":false},"excerpt":{"rendered":"<p>Un anneaux de fleurs stabilis\u00e9es<\/p>\n","protected":false},"featured_media":242838,"comment_status":"open","ping_status":"closed","template":"","meta":{"_et_pb_use_builder":"","_et_pb_old_content":"","_et_gb_content_width":""},"product_brand":[],"product_cat":[83],"product_tag":[],"class_list":{"0":"post-242835","1":"product","2":"type-product","3":"status-publish","4":"has-post-thumbnail","6":"product_cat-anneaux","8":"first","9":"instock","10":"shipping-taxable","11":"purchasable","12":"product-type-simple"},"yoast_head":"<!-- This site is optimized with the Yoast SEO plugin v27.2 - https:\/\/yoast.com\/product\/yoast-seo-wordpress\/ -->\n<title>Anneau Lucile S - 30cm - l&#039;atelier floral<\/title>\n<meta name=\"robots\" content=\"index, follow, max-snippet:-1, max-image-preview:large, max-video-preview:-1\" \/>\n<link rel=\"canonical\" href=\"https:\/\/latelier-floral.fr\/index.php\/produit\/anneau-lucile-s-30cm\/\" \/>\n<meta property=\"og:locale\" content=\"fr_FR\" \/>\n<meta property=\"og:type\" content=\"article\" \/>\n<meta property=\"og:title\" content=\"Anneau Lucile S - 30cm - l&#039;atelier floral\" \/>\n<meta property=\"og:description\" content=\"Un anneaux de fleurs stabilis\u00e9es\" \/>\n<meta property=\"og:url\" content=\"https:\/\/latelier-floral.fr\/index.php\/produit\/anneau-lucile-s-30cm\/\" \/>\n<meta property=\"og:site_name\" content=\"l&#039;atelier floral\" \/>\n<meta property=\"article:publisher\" content=\"https:\/\/www.facebook.com\/latelierfloralmarcucci\/about_contact_and_basic_info\" \/>\n<meta property=\"article:modified_time\" content=\"2026-03-22T22:08:03+00:00\" \/>\n<meta property=\"og:image\" content=\"https:\/\/latelier-floral.fr\/wp-content\/uploads\/2026\/03\/Anneau-Lucile-S-30cm-06als.webp\" \/>\n\t<meta property=\"og:image:width\" content=\"1440\" \/>\n\t<meta property=\"og:image:height\" content=\"1440\" \/>\n\t<meta property=\"og:image:type\" content=\"image\/jpeg\" \/>\n<meta name=\"twitter:card\" content=\"summary_large_image\" \/>\n<meta name=\"twitter:label1\" content=\"Dur\u00e9e de lecture estim\u00e9e\" \/>\n\t<meta name=\"twitter:data1\" content=\"1 minute\" \/>\n<script type=\"application\/ld+json\" class=\"yoast-schema-graph\">{\"@context\":\"https:\/\/schema.org\",\"@graph\":[{\"@type\":\"WebPage\",\"@id\":\"https:\/\/latelier-floral.fr\/index.php\/produit\/anneau-lucile-s-30cm\/\",\"url\":\"https:\/\/latelier-floral.fr\/index.php\/produit\/anneau-lucile-s-30cm\/\",\"name\":\"Anneau Lucile S - 30cm - l&#039;atelier floral\",\"isPartOf\":{\"@id\":\"https:\/\/latelier-floral.fr\/#website\"},\"primaryImageOfPage\":{\"@id\":\"https:\/\/latelier-floral.fr\/index.php\/produit\/anneau-lucile-s-30cm\/#primaryimage\"},\"image\":{\"@id\":\"https:\/\/latelier-floral.fr\/index.php\/produit\/anneau-lucile-s-30cm\/#primaryimage\"},\"thumbnailUrl\":\"https:\/\/latelier-floral.fr\/wp-content\/uploads\/2026\/03\/Anneau-Lucile-S-30cm-06als.webp\",\"datePublished\":\"2026-03-22T21:54:34+00:00\",\"dateModified\":\"2026-03-22T22:08:03+00:00\",\"breadcrumb\":{\"@id\":\"https:\/\/latelier-floral.fr\/index.php\/produit\/anneau-lucile-s-30cm\/#breadcrumb\"},\"inLanguage\":\"fr-FR\",\"potentialAction\":[{\"@type\":\"ReadAction\",\"target\":[\"https:\/\/latelier-floral.fr\/index.php\/produit\/anneau-lucile-s-30cm\/\"]}]},{\"@type\":\"ImageObject\",\"inLanguage\":\"fr-FR\",\"@id\":\"https:\/\/latelier-floral.fr\/index.php\/produit\/anneau-lucile-s-30cm\/#primaryimage\",\"url\":\"https:\/\/latelier-floral.fr\/wp-content\/uploads\/2026\/03\/Anneau-Lucile-S-30cm-06als.webp\",\"contentUrl\":\"https:\/\/latelier-floral.fr\/wp-content\/uploads\/2026\/03\/Anneau-Lucile-S-30cm-06als.webp\",\"width\":1440,\"height\":1440},{\"@type\":\"BreadcrumbList\",\"@id\":\"https:\/\/latelier-floral.fr\/index.php\/produit\/anneau-lucile-s-30cm\/#breadcrumb\",\"itemListElement\":[{\"@type\":\"ListItem\",\"position\":1,\"name\":\"Accueil\",\"item\":\"https:\/\/latelier-floral.fr\/\"},{\"@type\":\"ListItem\",\"position\":2,\"name\":\"Boutique\",\"item\":\"https:\/\/latelier-floral.fr\/index.php\/cours-floral-besancon\/\"},{\"@type\":\"ListItem\",\"position\":3,\"name\":\"Anneau Lucile S &#8211; 30cm\"}]},{\"@type\":\"WebSite\",\"@id\":\"https:\/\/latelier-floral.fr\/#website\",\"url\":\"https:\/\/latelier-floral.fr\/\",\"name\":\"l&#039;atelier floral\",\"description\":\"Votre cr\u00e9atrice de bouquet pour vos \u00e9v\u00e8nement\",\"publisher\":{\"@id\":\"https:\/\/latelier-floral.fr\/#organization\"},\"alternateName\":\"atelier floral\",\"potentialAction\":[{\"@type\":\"SearchAction\",\"target\":{\"@type\":\"EntryPoint\",\"urlTemplate\":\"https:\/\/latelier-floral.fr\/?s={search_term_string}\"},\"query-input\":{\"@type\":\"PropertyValueSpecification\",\"valueRequired\":true,\"valueName\":\"search_term_string\"}}],\"inLanguage\":\"fr-FR\"},{\"@type\":\"Organization\",\"@id\":\"https:\/\/latelier-floral.fr\/#organization\",\"name\":\"l'atelier flora\",\"url\":\"https:\/\/latelier-floral.fr\/\",\"logo\":{\"@type\":\"ImageObject\",\"inLanguage\":\"fr-FR\",\"@id\":\"https:\/\/latelier-floral.fr\/#\/schema\/logo\/image\/\",\"url\":\"https:\/\/latelier-floral.fr\/wp-content\/uploads\/2022\/11\/cropped-IMG-20220908-WA0000.jpg\",\"contentUrl\":\"https:\/\/latelier-floral.fr\/wp-content\/uploads\/2022\/11\/cropped-IMG-20220908-WA0000.jpg\",\"width\":512,\"height\":512,\"caption\":\"l'atelier flora\"},\"image\":{\"@id\":\"https:\/\/latelier-floral.fr\/#\/schema\/logo\/image\/\"},\"sameAs\":[\"https:\/\/www.facebook.com\/latelierfloralmarcucci\/about_contact_and_basic_info\"]}]}<\/script>\n<!-- \/ Yoast SEO plugin. -->","yoast_head_json":{"title":"Anneau Lucile S - 30cm - l&#039;atelier floral","robots":{"index":"index","follow":"follow","max-snippet":"max-snippet:-1","max-image-preview":"max-image-preview:large","max-video-preview":"max-video-preview:-1"},"canonical":"https:\/\/latelier-floral.fr\/index.php\/produit\/anneau-lucile-s-30cm\/","og_locale":"fr_FR","og_type":"article","og_title":"Anneau Lucile S - 30cm - l&#039;atelier floral","og_description":"Un anneaux de fleurs stabilis\u00e9es","og_url":"https:\/\/latelier-floral.fr\/index.php\/produit\/anneau-lucile-s-30cm\/","og_site_name":"l&#039;atelier floral","article_publisher":"https:\/\/www.facebook.com\/latelierfloralmarcucci\/about_contact_and_basic_info","article_modified_time":"2026-03-22T22:08:03+00:00","og_image":[{"width":1440,"height":1440,"url":"https:\/\/latelier-floral.fr\/wp-content\/uploads\/2026\/03\/Anneau-Lucile-S-30cm-06als.webp","type":"image\/jpeg"}],"twitter_card":"summary_large_image","twitter_misc":{"Dur\u00e9e de lecture estim\u00e9e":"1 minute"},"schema":{"@context":"https:\/\/schema.org","@graph":[{"@type":"WebPage","@id":"https:\/\/latelier-floral.fr\/index.php\/produit\/anneau-lucile-s-30cm\/","url":"https:\/\/latelier-floral.fr\/index.php\/produit\/anneau-lucile-s-30cm\/","name":"Anneau Lucile S - 30cm - l&#039;atelier floral","isPartOf":{"@id":"https:\/\/latelier-floral.fr\/#website"},"primaryImageOfPage":{"@id":"https:\/\/latelier-floral.fr\/index.php\/produit\/anneau-lucile-s-30cm\/#primaryimage"},"image":{"@id":"https:\/\/latelier-floral.fr\/index.php\/produit\/anneau-lucile-s-30cm\/#primaryimage"},"thumbnailUrl":"https:\/\/latelier-floral.fr\/wp-content\/uploads\/2026\/03\/Anneau-Lucile-S-30cm-06als.webp","datePublished":"2026-03-22T21:54:34+00:00","dateModified":"2026-03-22T22:08:03+00:00","breadcrumb":{"@id":"https:\/\/latelier-floral.fr\/index.php\/produit\/anneau-lucile-s-30cm\/#breadcrumb"},"inLanguage":"fr-FR","potentialAction":[{"@type":"ReadAction","target":["https:\/\/latelier-floral.fr\/index.php\/produit\/anneau-lucile-s-30cm\/"]}]},{"@type":"ImageObject","inLanguage":"fr-FR","@id":"https:\/\/latelier-floral.fr\/index.php\/produit\/anneau-lucile-s-30cm\/#primaryimage","url":"https:\/\/latelier-floral.fr\/wp-content\/uploads\/2026\/03\/Anneau-Lucile-S-30cm-06als.webp","contentUrl":"https:\/\/latelier-floral.fr\/wp-content\/uploads\/2026\/03\/Anneau-Lucile-S-30cm-06als.webp","width":1440,"height":1440},{"@type":"BreadcrumbList","@id":"https:\/\/latelier-floral.fr\/index.php\/produit\/anneau-lucile-s-30cm\/#breadcrumb","itemListElement":[{"@type":"ListItem","position":1,"name":"Accueil","item":"https:\/\/latelier-floral.fr\/"},{"@type":"ListItem","position":2,"name":"Boutique","item":"https:\/\/latelier-floral.fr\/index.php\/cours-floral-besancon\/"},{"@type":"ListItem","position":3,"name":"Anneau Lucile S &#8211; 30cm"}]},{"@type":"WebSite","@id":"https:\/\/latelier-floral.fr\/#website","url":"https:\/\/latelier-floral.fr\/","name":"l&#039;atelier floral","description":"Votre cr\u00e9atrice de bouquet pour vos \u00e9v\u00e8nement","publisher":{"@id":"https:\/\/latelier-floral.fr\/#organization"},"alternateName":"atelier floral","potentialAction":[{"@type":"SearchAction","target":{"@type":"EntryPoint","urlTemplate":"https:\/\/latelier-floral.fr\/?s={search_term_string}"},"query-input":{"@type":"PropertyValueSpecification","valueRequired":true,"valueName":"search_term_string"}}],"inLanguage":"fr-FR"},{"@type":"Organization","@id":"https:\/\/latelier-floral.fr\/#organization","name":"l'atelier flora","url":"https:\/\/latelier-floral.fr\/","logo":{"@type":"ImageObject","inLanguage":"fr-FR","@id":"https:\/\/latelier-floral.fr\/#\/schema\/logo\/image\/","url":"https:\/\/latelier-floral.fr\/wp-content\/uploads\/2022\/11\/cropped-IMG-20220908-WA0000.jpg","contentUrl":"https:\/\/latelier-floral.fr\/wp-content\/uploads\/2022\/11\/cropped-IMG-20220908-WA0000.jpg","width":512,"height":512,"caption":"l'atelier flora"},"image":{"@id":"https:\/\/latelier-floral.fr\/#\/schema\/logo\/image\/"},"sameAs":["https:\/\/www.facebook.com\/latelierfloralmarcucci\/about_contact_and_basic_info"]}]}},"_links":{"self":[{"href":"https:\/\/latelier-floral.fr\/index.php\/wp-json\/wp\/v2\/product\/242835","targetHints":{"allow":["GET"]}}],"collection":[{"href":"https:\/\/latelier-floral.fr\/index.php\/wp-json\/wp\/v2\/product"}],"about":[{"href":"https:\/\/latelier-floral.fr\/index.php\/wp-json\/wp\/v2\/types\/product"}],"replies":[{"embeddable":true,"href":"https:\/\/latelier-floral.fr\/index.php\/wp-json\/wp\/v2\/comments?post=242835"}],"wp:featuredmedia":[{"embeddable":true,"href":"https:\/\/latelier-floral.fr\/index.php\/wp-json\/wp\/v2\/media\/242838"}],"wp:attachment":[{"href":"https:\/\/latelier-floral.fr\/index.php\/wp-json\/wp\/v2\/media?parent=242835"}],"wp:term":[{"taxonomy":"product_brand","embeddable":true,"href":"https:\/\/latelier-floral.fr\/index.php\/wp-json\/wp\/v2\/product_brand?post=242835"},{"taxonomy":"product_cat","embeddable":true,"href":"https:\/\/latelier-floral.fr\/index.php\/wp-json\/wp\/v2\/product_cat?post=242835"},{"taxonomy":"product_tag","embeddable":true,"href":"https:\/\/latelier-floral.fr\/index.php\/wp-json\/wp\/v2\/product_tag?post=242835"}],"curies":[{"name":"wp","href":"https:\/\/api.w.org\/{rel}","templated":true}]}}

<h2>Un anneaux de fleurs stabilisées</h2>
<span class="et_bloom_bottom_trigger"></span>

<p>Un anneaux de fleurs stabilisées</p>

<!-- This site is optimized with the Yoast SEO plugin v27.2 - https://yoast.com/product/yoast-seo-wordpress/ -->
<title>Anneau Lucile S - 30cm - l&#039;atelier floral</title>
<meta name="robots" content="index, follow, max-snippet:-1, max-image-preview:large, max-video-preview:-1" />
<link rel="canonical" href="https://latelier-floral.fr/index.php/produit/anneau-lucile-s-30cm/" />
<meta property="og:locale" content="fr_FR" />
<meta property="og:type" content="article" />
<meta property="og:title" content="Anneau Lucile S - 30cm - l&#039;atelier floral" />
<meta property="og:description" content="Un anneaux de fleurs stabilisées" />
<meta property="og:url" content="https://latelier-floral.fr/index.php/produit/anneau-lucile-s-30cm/" />
<meta property="og:site_name" content="l&#039;atelier floral" />
<meta property="article:publisher" content="https://www.facebook.com/latelierfloralmarcucci/about_contact_and_basic_info" />
<meta property="article:modified_time" content="2026-03-22T22:08:03+00:00" />
<meta property="og:image" content="https://latelier-floral.fr/wp-content/uploads/2026/03/Anneau-Lucile-S-30cm-06als.webp" />
	<meta property="og:image:width" content="1440" />
	<meta property="og:image:height" content="1440" />
	<meta property="og:image:type" content="image/jpeg" />
<meta name="twitter:card" content="summary_large_image" />
<meta name="twitter:label1" content="Durée de lecture estimée" />
	<meta name="twitter:data1" content="1 minute" />
<script type="application/ld+json" class="yoast-schema-graph">{"@context":"https://schema.org","@graph":[{"@type":"WebPage","@id":"https://latelier-floral.fr/index.php/produit/anneau-lucile-s-30cm/","url":"https://latelier-floral.fr/index.php/produit/anneau-lucile-s-30cm/","name":"Anneau Lucile S - 30cm - l&#039;atelier floral","isPartOf":{"@id":"https://latelier-floral.fr/#website"},"primaryImageOfPage":{"@id":"https://latelier-floral.fr/index.php/produit/anneau-lucile-s-30cm/#primaryimage"},"image":{"@id":"https://latelier-floral.fr/index.php/produit/anneau-lucile-s-30cm/#primaryimage"},"thumbnailUrl":"https://latelier-floral.fr/wp-content/uploads/2026/03/Anneau-Lucile-S-30cm-06als.webp","datePublished":"2026-03-22T21:54:34+00:00","dateModified":"2026-03-22T22:08:03+00:00","breadcrumb":{"@id":"https://latelier-floral.fr/index.php/produit/anneau-lucile-s-30cm/#breadcrumb"},"inLanguage":"fr-FR","potentialAction":[{"@type":"ReadAction","target":["https://latelier-floral.fr/index.php/produit/anneau-lucile-s-30cm/"]}]},{"@type":"ImageObject","inLanguage":"fr-FR","@id":"https://latelier-floral.fr/index.php/produit/anneau-lucile-s-30cm/#primaryimage","url":"https://latelier-floral.fr/wp-content/uploads/2026/03/Anneau-Lucile-S-30cm-06als.webp","contentUrl":"https://latelier-floral.fr/wp-content/uploads/2026/03/Anneau-Lucile-S-30cm-06als.webp","width":1440,"height":1440},{"@type":"BreadcrumbList","@id":"https://latelier-floral.fr/index.php/produit/anneau-lucile-s-30cm/#breadcrumb","itemListElement":[{"@type":"ListItem","position":1,"name":"Accueil","item":"https://latelier-floral.fr/"},{"@type":"ListItem","position":2,"name":"Boutique","item":"https://latelier-floral.fr/index.php/cours-floral-besancon/"},{"@type":"ListItem","position":3,"name":"Anneau Lucile S &#8211; 30cm"}]},{"@type":"WebSite","@id":"https://latelier-floral.fr/#website","url":"https://latelier-floral.fr/","name":"l&#039;atelier floral","description":"Votre créatrice de bouquet pour vos évènement","publisher":{"@id":"https://latelier-floral.fr/#organization"},"alternateName":"atelier floral","potentialAction":[{"@type":"SearchAction","target":{"@type":"EntryPoint","urlTemplate":"https://latelier-floral.fr/?s={search_term_string}"},"query-input":{"@type":"PropertyValueSpecification","valueRequired":true,"valueName":"search_term_string"}}],"inLanguage":"fr-FR"},{"@type":"Organization","@id":"https://latelier-floral.fr/#organization","name":"l'atelier flora","url":"https://latelier-floral.fr/","logo":{"@type":"ImageObject","inLanguage":"fr-FR","@id":"https://latelier-floral.fr/#/schema/logo/image/","url":"https://latelier-floral.fr/wp-content/uploads/2022/11/cropped-IMG-20220908-WA0000.jpg","contentUrl":"https://latelier-floral.fr/wp-content/uploads/2022/11/cropped-IMG-20220908-WA0000.jpg","width":512,"height":512,"caption":"l'atelier flora"},"image":{"@id":"https://latelier-floral.fr/#/schema/logo/image/"},"sameAs":["https://www.facebook.com/latelierfloralmarcucci/about_contact_and_basic_info"]}]}</script>
<!-- / Yoast SEO plugin. -->

Un anneaux de fleurs stabilisées

Votre créatrice de bouquet pour vos évènement
